Suppose -5*b + 0*t - 4 = -2*t, -8 = -4*b - 4*t. Suppose -7*a = -b*a - 7. Let i(r) = -r - 3*r + 1 - 2. What is i(a)?
-5
Let m(r) = r**3 - 5*r**2 + 7*r - 6. Let d(n) = 2*n**2 - 2*n - 2. Let t be d(-1). Let u be 7 - -1 - 8/t. Give m(u).
6
Let z(f) = f**2 - 3*f. Let n be z(4). Let p(w) = -n*w**2 + 6*w**2 - 5 + 3*w - w**2. Calculate p(-5).
5
Let v = 58 - 55. Let i(x) = x**2 - 4*x + 4. Determine i(v).
1
Let t(a) = -7*a**2 + a + 3. Let g(u) = -2*u**2 + u + 2. Let p(o) = 4*g(o) - t(o). Let i be ((-8)/(-3))/((-8)/(-12)). Determine p(i).
1
Let s be (8 - (-42)/(-5))*(0 + -35). Let x be (-92)/6 - 2/3. Let d = s + x. Let y(r) = -r**3 - 4*r**2 - 2*r + 1. Calculate y(d).
-3
Let z(a) = 3*a + 28. Let i = 4 - 2. Let o(y) = y + 14. Let w(l) = i*z(l) - 5*o(l). Let b be 2/(-9)*1 - (975/(-135) - -7). Determine w(b).
-14
Let t = 495 - 493. Let s(y) = -7*y**2 + 2*y + 2. What is s(t)?
-22
Let x(v) = 1 - 8*v**2 + 6*v**2 - 1 - 2*v - 3. Determine x(4).
-43
Let h(n) be the third derivative of 0*n + 0 + 16*n**2 + 1/6*n**3 + 23/24*n**4. Give h(-1).
-22
Let s(h) = 7*h + 21. Let w(k) = 4*k + 11. Let v(i) = 3*s(i) - 5*w(i). Suppose -y - 35 = -40. Suppose y + 0 = -5*m + 5*n, -2*m + 3*n = -3. What is v(m)?
2
Let k(a) = a**3 - 2*a**2 - 2*a - 3. Suppose -495 = -16*q + 27*q. Let u = -42 - q. What is k(u)?
0
Let q(h) = -7 + 0 - 5*h**2 + 4*h**2 + 8*h + 0. Let p(f) = 44*f + 182. Let c be p(-4). What is q(c)?
5
Let k = 120 - 123. Let d(h) be the third derivative of h**4/24 + 2*h**2. Give d(k).
-3
Let s(h) be the second derivative of h**4/24 + h**3/3 - 15*h**2/2 + 3*h. Let q(f) be the first derivative of s(f). What is q(5)?
7
Let p(s) = -s - 22. Suppose 0 = 3*t + 3*o + 54, -4*t - 2*o = -o + 75. Determine p(t).
-3
Let o be ((-8)/(-10))/((-10)/(-25)). Suppose -o - 8 = -5*y. Let b be (-9)/y - (-5)/10. Let t(d) = -d**3 - 3*d**2 + 4*d + 1. Give t(b).
1
Let r = 222 - 217. Let v(o) = -2*o + 12. Calculate v(r).
2
Let y(d) = -d**2 + 5*d + 5. Suppose -7*l + 3 + 39 = 0. Suppose -3*b = -l*b + 18. Determine y(b).
-1
Let j(t) be the second derivative of -5*t**5/4 - t**4/12 - t**3/6 + t**2/2 + t + 83. What is j(1)?
-26
Let u(m) = 7*m - 20 - 16*m - 4*m**2 + 7*m + 7*m + m**3. What is u(4)?
0
Let y = -34 + 49. Let c(z) = z**2 - 17*z + 30. Let d be c(y). Let o(a) = a - 2. Calculate o(d).
-2
Let h be (-11)/(-22)*(-1 - -1)*1. Let q(r) be the third derivative of 0 - 1/60*r**5 - 7/24*r**4 + h*r + 2/3*r**3 - 4*r**2. What is q(-7)?
4
Let j(x) = 5*x**3 + 19*x**2 - 23*x + 1. Let g(c) = -9*c**3 - 37*c**2 + 44*c - 2. Let s(p) = -6*g(p) - 11*j(p). Calculate s(12).
13
Suppose -364*b = -367*b - 24. Let z(v) = -v**3 - 7*v**2 + 6*v - 9. Give z(b).
7
Let o be (2 + 0 - -1) + -3. Suppose o = 5*x + 25 + 20. Let r = x + 8. Let p(q) = 7*q**2 - 1. Calculate p(r).
6
Let z(u) = 3*u - 2. Let l(g) = g**2 + 6*g + 1. Suppose 0*i + 20 = -4*i. Let v be l(i). Let c(y) = -y. Let m(s) = v*c(s) - 2*z(s). What is m(4)?
-4
Let w(d) be the second derivative of d**5/60 - 3*d**4/8 + 2*d**3 - 29*d**2 - 8*d. Let x(a) be the first derivative of w(a). Let k = 13 + -5. Determine x(k).
4
Let h(c) = 6*c + 2*c**2 - 3*c**2 - c**3 - 4*c**2. Let g(a) = -a**2 - 6*a - 6. Let s be g(-6). Let i be h(s). Let u(n) = n**2 + n + 8. Calculate u(i).
8
Let p(z) be the first derivative of -z**2/2 + 4*z + 5. Suppose -3*m = 4*a - 22, 2*m = -2*a + 6*a + 8. What is p(m)?
-2
Let u = -5 + 6. Let c(w) = 2 + 0*w - 5 + 4 + 5*w. Calculate c(u).
6
Let l(z) be the third derivative of 7*z**6/720 - z**5/120 - 7*z**4/24 - 12*z**2. Let g(a) be the second derivative of l(a). Give g(1).
6
Let z(g) = -8*g**3 + 1. Suppose 0*x + 6 = 2*x. Suppose x*i - 3 = 3. Suppose -1 = k - 0, 4*h = 2*k - i. Give z(h).
9
Let g(x) be the second derivative of 4*x + 0 - 5/6*x**3 - 1/24*x**4 + 1/2*x**2. Let j(y) be the first derivative of g(y). What is j(-5)?
0
Suppose -27 + 33 = -2*u. Let m(f) = 4*f**2 - 4*f + 2. Let v(b) = -7*b**2 + 9*b - 4. Let i(c) = u*v(c) - 5*m(c). What is i(5)?
-8
Let g(a) = -5*a**2. Let u(f) = -24*f**2. Suppose 0*c = 5*c - 10. Let w(b) = c*u(b) - 11*g(b). Determine w(-1).
7
Let f(k) be the third derivative of -k**4/24 + k**3 - 155*k**2. Determine f(-4).
10
Let b(h) = 2*h**2 - 8*h + 1 - 5*h - h**2 + 6*h. Let m be (2 - 1)/(2/(-98)*-7). Give b(m).
1
Let q = -178 + 166. Let f(p) = p**2 + 10*p - 6. Determine f(q).
18
Let h(w) = -w**3 - 12*w**2 - 11*w. Suppose -4*n + 5*n - 3*g + 26 = 0, -5*n + 3*g = 70. What is h(n)?
0
Let p = -13 - -38. Suppose -4*q = -9 + p. Let v(n) = n**2 + 4*n - 2. Calculate v(q).
-2
Suppose -4*a = r - 23, 5*r + a - 55 = -4*a. Suppose 5*m = 3*p + 5, 7*m - 2*m - 5 = -5*p. Let g = p + r. Let q(s) = -s + 11. Calculate q(g).
4
Let v = -19 + 20. Let j(d) = -4 - v - 5*d - d**3 + 2 + 6*d**2. Calculate j(5).
-3
Let w(i) = -i**3 + i - 5. Let o = 29 + -18. Suppose 1 - o = -5*h. Suppose 0 = -2*m - h*y - 10, 1 = 2*m + y + 6. What is w(m)?
-5
Let a(m) be the first derivative of -2*m**2 - 32 + 2*m + 1/3*m**3. What is a(4)?
2
Let q(a) = 12*a + 1 + a - a**3 - 11*a - a. Determine q(-1).
1
Let a(o) = -9*o**3 + 8*o**2 + o - 5. Let l(s) = -8*s**3 + 8*s**2 - 4. Let d(h) = 7*a(h) - 8*l(h). What is d(7)?
-3
Suppose 0 = -2*x + x, 3*x = -n + 27. Let o = n + -32. Let s(k) = k**3 + 5*k**2 + 4*k + 4. Calculate s(o).
-16
Let t(j) = 9*j**3 + j**2 + j. Let n = 14 - -26. Let p = 39 - n. What is t(p)?
-9
Let g(c) = c**3 - 8*c**2 - 12. Let k(h) = 5*h**3 - 31*h**2 - 50. Let i(j) = -9*g(j) + 2*k(j). Give i(-10).
8
Let g(k) = -252*k**2 - 257*k**2 - 7 - 255*k**2 + 754*k**2 + k**3 - 6*k. Calculate g(11).
48
Suppose -n = -3*q - 5, 2*n + 2*q + q = 1. Let d(y) be the first derivative of y**4/6 - y**3/6 + 9*y + 15. Let g(l) be the first derivative of d(l). Give g(n).
6
Let x(d) = -d - 1. Let y(t) = 7*t - 1. Suppose 5 + 5 = 2*o. Suppose -3*k = -o*z + 2*k - 20, 0 = -4*z - 5*k + 29. Let a(c) = z*y(c) + 5*x(c). Calculate a(5).
4
Let h(q) = q - 8. Let u = -52 + 63. Suppose s - 3 = -3*g, 2*s + 0*g = -g + u. What is h(s)?
-2
Suppose -11 = -3*n - 2. Let z(w) = -1 + w**n - 130*w**2 + 136*w**2 - 3. Calculate z(-6).
-4
Let j(r) = 22*r + 574. Let m be j(-26). Let g(z) = -4*z - 9. Determine g(m).
-17
Let s = -729 + 717. Let x(u) = 3*u - 2. Calculate x(s).
-38
Suppose l - 12 = 4. Suppose 5*i - l = 2*m, -21 + 2 = 5*m - 2*i. Let h(w) = -6*w - 1. Give h(m).
17
Let g(m) = 2*m + 2. Let c(n) = -2*n - 2. Let u(b) = -5*c(b) - 4*g(b). Calculate u(-6).
-10
Let g(a) = 51*a + 54*a + 2 + 0 - 97*a - 4. Calculate g(3).
22
Let z be -2 + 16/4*1. Let c be (60/45)/(z/6). Let w(a) = a - 9. Determine w(c).
-5
Let w(n) be the third derivative of -7*n**5/30 - 21*n**2. Suppose -4*m + x = -1, 2*x + 6 = -3*m - 7. Determine w(m).
-14
Let z(b) be the third derivative of 1/8*b**4 - 22*b**2 - 1/6*b**3 + 1/60*b**5 + 0*b + 0. Suppose 4*h = 5*q - 16, 0 = -9*h + 4*h + 5*q - 20. Calculate z(h).
3
Let f(y) = -7*y - 7. Let l(p) = 3*p + 3. Let w(k) = 4*f(k) + 9*l(k). Let b be w(0). Let c(s) = -s**3 - 3*s**2 - 2*s - 1. Determine c(b).
-1
Let h(u) be the first derivative of u**3/3 - 9*u**2/2 + 8*u - 831. What is h(7)?
-6
Let o(d) = -d**3 + 4*d**2 + 5*d + 3. Suppose 3*i = 6*i + 12. Let n be (-15)/3 + (-12)/i. Let g = 3 - n. What is o(g)?
3
Let a(m) be the first derivative of -5*m - 1/2*m**2 + 17. What is a(-5)?
0
Let r(w) be the third derivative of -w**5/40 - w**4/24 + 20*w**3/3 - 5*w**2. Let y(p) be the first derivative of r(p). Calculate y(-7).
20
Let o(y) = -y**2 + 3*y + 20. Let k(m) = -1. Let a(d) = 6*k(d) - o(d). What is a(6)?
-8
Let u(a) be the second derivative of -a**4/12 + a**3/3 - a**2 + 27*a. Calculate u(2).
-2
Let h(j) be the first derivative of j**3/3 - 7*j**2/2 + 4*j - 4. Let a = 511 - 505. Calculate h(a).
-2
Let k be 2/(0 - (0 + 2)). Let p be (k - -2 - -5) + 0. Let b(y) be the second derivative of -y**3/6 - y**2/2 - 5915*y - 1. What is b(p)?
-7
Let z(w) = -12*w**2 + w + 18. Let i(a) = -5*a**2 + 8. Let l(j) = -5*i(j) + 2*z(j). Determine l(-2).
-4
Suppose 39*b - 9 = 40*b. Let k(x) = -x**2 - 10*x - 3. Let r be k(b). Let u(o) = -2*o + 3. Give u(r).
-9
Let s(b) = 8*b - 68. Let p be s(8). Let x(t) = -t**3 - 6*t**2 - 5*t - 1. Determine x(p).
-13
Let m(q) = -q**3 + 6*q**2 - 5*q - 1. Let t be m(5). Let b(r) = r**3 + r**2 + r. Let s(n) = 3*n**3 + 9*n**2 + 3. Let o(j) = t*s(j) + 4*b(j). Determine o(2).
-7
Let s(g) = g**2 - 6*g + 4. Let c(h) = -h**2 - 15